 2.
-10110
-4 (base 15) to base 5
-4
Convert 30 (base 4) to base 7.
15
Convert 66 (base 10) to base 7.
123
Convert 2 (base 15) to base 8.
2
What is 1000011 (base 2) in base 3?
2111
122 (base 4) to base 6
42
112 (base 7) to base 3
2011
Convert -1 (base 8) to base 6.
-1
Convert 27 (base 10) to base 9.
30
-11 (base 8) to base 12
-9
-9 (base 10) to base 4
-21
Convert -149 (base 14) to base 10.
-261
Convert -354 (base 8) to base 3.
-22202
Convert 13 (base 10) to base 9.
14
What is 0 (base 15) in base 11?
0
Convert -35 (base 7) to base 3.
-222
What is 2 (base 15) in base 16?
2
c (base 13) to base 2
1100
What is -1100 (base 2) in base 10?
-12
What is -44 (base 10) in base 5?
-134
Convert -65 (base 10) to base 16.
-41
47 (base 9) to base 14
31
Convert 7c (base 16) to base 9.
147
Convert -1 (base 12) to base 5.
-1
What is 33 (base 16) in base 10?
51
Convert 68 (base 11) to base 12.
62
1 (base 11) to base 6
1
Convert -1 (base 11) to base 12.
-1
27 (base 11) to base 13
23
441 (base 5) to base 14
89
Convert 5 (base 7) to base 4.
11
11 (base 2) to base 5
3
Convert -8 (base 11) to base 9.
-8
What is -a7 (base 15) in base 8?
-235
43 (base 9) to base 10
39
What is -c (base 16) in base 7?
-15
-42 (base 8) to base 15
-24
Convert 1 (base 2) to base 11.
1
Convert -2 (base 7) to base 13.
-2
-26 (base 9) to base 10
-24
What is 3 (base 14) in base 16?
3
6 (base 11) to base 12
6
Convert 1223 (base 4) to base 15.
72
What is -2 (base 16) in base 3?
-2
-2 (base 15) to base 16
-2
What is -3 (base 15) in base 16?
-3
Convert -1c (base 13) to base 7.
-34
-6 (base 7) to base 10
-6
Convert 2 (base 13) to base 3.
2
8 (base 15) to base 14
8
Convert de (base 15) to base 2.
11010001
Convert -15 (base 9) to base 8.
-16
Convert -136 (base 9) to base 5.
-424
11 (base 14) to base 7
21
-110000 (base 2) to base 14
-36
What is 14 (base 16) in base 6?
32
Convert 55 (base 6) to base 12.
2b
9 (base 14) to base 12
9
Convert -1 (base 4) to base 16.
-1
What is -4 (base 9) in base 16?
-4
Convert 2 (base 7) to base 12.
2
Convert -4 (base 16) to base 15.
-4
What is 220 (base 9) in base 6?
500
Convert -313 (base 9) to base 14.
-143
Convert 423 (base 5) to base 12.
95
Convert -3 (base 15) to base 10.
-3
-233 (base 7) to base 15
-82
What is 227 (base 8) in base 7?
304
Convert 11 (base 13) to base 8.
16
20 (base 9) to base 16
12
What is -14 (base 13) in base 5?
-32
153 (base 6) to base 16
45
What is -93 (base 10) in base 4?
-1131
What is 140 (base 6) in base 7?
114
-2 (base 13) to base 7
-2
Convert 2 (base 16) to base 4.
2
Convert -28 (base 15) to base 2.
-100110
10 (base 12) to base 9
13
7 (base 9) to base 16
7
87 (base 10) to base 5
322
-16 (base 13) to base 12
-17
Convert 22 (base 9) to base 5.
40
-1 (base 5) to base 7
-1
313 (base 5) to base 4
1103
What is -1112 (base 3) in base 15?
-2b
What is 8 (base 11) in base 2?
1000
Convert 3 (base 10) to base 13.
3
-121 (base 4) to base 10
-25
-39 (base 12) to base 5
-140
Convert 71 (base 10) to base 9.
78
-303 (base 5) to base 2
-1001110
116 (base 13) to base 16
bc
0 (base 12) to base 4
0
Convert 11 (base 7) to base 6.
12
What is 4a (base 16) in base 2?
1001010
-3 (base 8) to base 3
-10
What is -162 (base 11) in base 2?
-10111101
Convert 167 (base 11) to base 7.
365
What is -150 (base 8) in base 12?
-88
What is -52 (base 14) in base 11?
-66
Convert 181 (base 12) to base 14.
133
What is 12 (base 10) in base 13?
c
ac (base 14) to base 10
152
-11 (base 10) to base 6
-15
What is 234 (base 5) in base 13?
54
Convert 0 (base 15) to base 3.
0
Convert -134 (base 5) to base 10.
-44
What is 31 (base 10) in base 3?
1011
Convert -30 (base 5) to base 15.
-10
Convert 1 (base 9) to base 6.
1
-118 (base 11) to base 15
-95
-203 (base 5) to base 7
-104
Convert -14 (base 6) to base 4.
-22
What is -2 (base 5) in base 14?
-2
Convert 6 (base 16) to base 13.
6
What is -9a (base 14) in base 8?
-210
What is 12 (base 14) in base 7?
22
Convert 0 (base 3) to base 5.
0
20 (base 3) to base 7
6
Convert -2 (base 13) to base 2.
-10
Convert -33 (base 4) to base 14.
-11
4 (base 8) to base 12
4
101 (base 4) to base 2
10001
1e (base 16) to base 3
1010
10111 (base 2) to base 14
19
What is 81 (base 10) in base 16?
51
What is -22 (base 3) in base 12?
-8
Convert 2133 (base 5) to base 2.
100100101
Convert 122 (base 6) to base 10.
50
6 (base 16) to base 11
6
Convert 212 (base 3) to base 13.
1a
b (base 12) to base 14
b
What is -1b (base 16) in base 2?
-11011
Convert da (base 14) to base 2.
11000000
What is -125 (base 6) in base 3?
-1222
133 (base 4) to base 14
23
-114 (base 5) to base 11
-31
Convert 111 (base 3) to base 15.
d
Convert -231 (base 5) to base 4.
-1002
What is 21 (base 10) in base 2?
10101
0 (base 15) to base 4
0
What is 144 (base 6) in base 4?
1000
-a (base 13) to base 9
-11
13 (base 9) to base 13
c
Convert 6e (base 15) to base 14.
76
1 (base 12) to base 16
1
What is -3 (base 5) in base 3?
-10
What is 11111 (base 2) in base 14?
23
Convert 3 (base 13) to base 9.
3
Convert -100 (base 2) to base 15.
-4
What is 100010 (base 2) in base 10?
34
What is 3 (base 9) in base 3?
10
7a (base 12) to base 11
86
2e (base 15) to base 16
2c
What is 121 (base 4) in base 7?
34
What is -101100 (base 2) in base 3?
-1122
-210 (base 3) to base 15
-16
What is -2 (base 14) in base 11?
-2
Convert 202 (base 3) to base 7.
26
422 (base 6) to base 15
a8
What is 3 (base 10) in base 15?
3
What is 12 (base 7) in base 6?
13
44 (base 6) to base 15
1d
What is 6 (base 13) in base 4?
12
What is 3 (base 6) in base 16?
3
What is 3122 (base 4) in base 8?
332
Convert 10 (base 13) to base 2.
1101
-4 (base 8) to base 4
-10
Convert 11a (base 11) to base 14.
a2
What is 11 (base 3) in base 5?
4
What is 2 (base 9) in base 7?
2
3 (base 13) to base 14
3
43 (base 8) to base 4
203
Convert -3 (base 13) to base 14.
-3
What is 3 (base 7) in base 12?
3
What is -142 (base 12) in base 4?
-3002
Convert -5 (base 9) to base 2.
-101
-11010 (base 3) to base 9
-133
What is -12 (base 12) in base 13?
-11
What is 111 (base 2) in base 15?
7
What is -1 (base 12) in base 2?
-1
What is 65 (base 10) in base 12?
55
Convert -2 (base 5) to base 16.
-2
What is -4 (base 11) in base 9?
-4
0 (base 10) to base 3
0
Convert 1 (base 6) to base 4.
1
-27 (base 11) to base 16
-1d
Convert 15 (base 9) to base 10.
14
-e (base 15) to base 11
-13
-5 (base 12) to base 3
-12
What is -7 (base 8) in base 16?
-7
Convert 11 (base 11) to base 7.
15
Convert -46 (base 8) to base 5.
-123
What is -1 (base 7) in base 10?
-1
Convert -321 (base 5) to base 3.
-10012
-10 (base 10) to base 15
-a
Convert 1001 (base 2) to base 13.
9
1205 (base 6) to base 7
566
Convert 100101 (base 2) to base 15.
27
210 (base 4) to base 13
2a
Convert -3 (base 7) to base 5.
-3
What is -16 (base 12) in base 3?
-200
-27 (base 10) to base 14
-1d
Convert 3132 (base 4) to base 10.
222
Convert 0 (base 7) to base 9.
0
-43 (base 7) to base 2
-11111
-11 (base 3) to base 11
-4
111 (base 3) to base 7
16
What is -5 (base 13) in base 4?
-11
Convert -3 (base 5) to base 2.
-11
Convert 5e (base 15) to base 10.
89
What is -20 (base 12) in base 14?
-1a
Convert 2d (base 14) to base 9.
45
-2 (base 13) to base 6
-2
22 (base 9) to base 6
32
Convert -1 (base 16) to base 9.
-1
-e (base 16) to base 9
-15
What is 31 (base 9) in base 8?
34
a (base 11) to base 8
12
Convert -1 (base 5) to base 11.
-1
What is a (base 16) in base 3?
101
Convert 1022 (base 3) to base 8.
43
-25 (base 6) to base 10
-17
-2 (base 5) to base 16
-2
-10 (base 2) to base 8
-2
What is 504 (base 6) in base 4?
2320
What is -26 (base 10) in base 4?
-122
Convert -2 (base 8) to base 2.
-10
-1042 (base 6) to base 14
-134
What is -74 (base 9) in base 14?
-4b
Convert -111 (base 3) to base 6.
-21
2 (base 3) to base 5
2
Convert -2 (base 5) to base 8.
-2
20 (base 11) to base 15
17
What is 3 (base 4) in base 10?
3
What is -60 (base 12) in base 16?
-48
6 (base 15) to base 11
6
Convert -3 (base 12) to base 6.
-3
90 (base 10) to base 14
66
-27 (base 14) to base 8
-43
Convert 11101 (base 2) to base 10.
29
Convert -271 (base 8) to base 11.
-159
Convert 29 (base 10) to base 15.
1e
What is 25 (base 6) in base 8?
21
What is 61 (base 12) in base 10?
73
Convert b (base 12) to base 7.
14
6 (base 10) to base 5
11
13 (base 4) to base 9
7
What is -20 (base 10) in base 9?
-22
What is -410 (b